 (-2)/5)?
3
Let k = -62 + 67. Suppose 2*n + 2*y - 4 = 6, 0 = y - k. Suppose n*w + 5*w = 545. What is the tens digit of w?
0
Let z(p) = -p**2 - 9*p - 14. Let v be (37 - 40)*((-8)/(-6) - 0). What is the units digit of z(v)?
6
Let d(b) = -48*b - 43. What is the hundreds digit of d(-27)?
2
Let x(q) = 5*q**2 - 5*q - 2. Let u be x(5). Let a = -795 + 795. Suppose 19 = 3*n - 3*z - u, -3*n + 2*z + 115 = a. What is the tens digit of n?
3
Suppose 0 = 5*s - 11*s - 6. Let d(u) = 1232*u**2 + 5*u + 5. What is the thousands digit of d(s)?
1
Let k(q) = 36*q - 22. Let y = -269 - -277. What is the hundreds digit of k(y)?
2
Let v be 9/(495/(-28720)) + (-4)/(-22). Let o = 1200 + v. What is the hundreds digit of o?
6
Suppose -80*h + 31066 = -10614. What is the hundreds digit of h?
5
What is the thousands digit of (8/6)/((36/99)/((-32826)/(-11)))?
0
Suppose 0 = -12*m + 36*m - 386421 - 358227. What is the ten thousands digit of m?
3
Suppose 5*k + 2*f - 8326 - 2911 = 0, -4*f = -k + 2265. What is the units digit of k?
9
Suppose 5*g = -3*i + 46464, 2*g = -5*i + 2*i + 18582. What is the hundreds digit of g?
2
Let m = -19 - -23. Suppose w = x - 42, -m*x + 0*w + 168 = w. Let t = x + -8. What is the tens digit of t?
3
Let k(i) be the first derivative of i**4/4 + 5*i**3 + 37*i**2/2 - 9*i + 97. What is the units digit of k(-9)?
4
What is the ten thousands digit of 2*(5475 - 18/(-63)*-14)?
1
Let r be (2 - (2 + -1)) + -58 + 834. Suppose 38*s - r = 35*s. Let j = s - 130. What is the units digit of j?
9
Let t(j) = -j**3 + 2*j**2 + 12*j. Let x(q) = 5*q**3 - 36*q**2 + 9*q - 17. Let w be x(7). What is the units digit of t(w)?
9
Suppose h = 4*p - 255, -6*p + 4*h = -p - 305. Suppose -3*v - 26 = d, 5*d + 4*v + 48 = -38. Let r = d + p. What is the tens digit of r?
5
Let h = 16 - 22. Let r(x) be the third derivative of x**5/15 + 13*x**4/24 + 2*x**2 - 1062*x. What is the tens digit of r(h)?
6
Let g(l) = l**3 + 2*l**2 + 3*l + 9. Let v(c) = 2*c**2 + c + 1. Let x(n) = -g(n) + 3*v(n). Let a be (-25)/9 - (-6)/(-27). What is the tens digit of x(a)?
5
Let j(a) = 4382*a - 220. What is the ten thousands digit of j(7)?
3
Suppose 3 = 5*x - 7. Let b = 72 + -47. Suppose x*h - 71 - b = 0. What is the units digit of h?
8
Let w(p) = -33*p**2 - 3*p - 3. Let r be w(-1). Let t = r + 58. Suppose -5*d - 4*h + 200 = 0, -3*d + 3*h + t = -68. What is the tens digit of d?
3
What is the ten thousands digit of (-130)/455 - (-159119)/7?
2
What is the tens digit of (-8)/(-22) + 23022356/1771?
0
Suppose 36 = 6*n - 30. Suppose -798 = n*l - 10027. What is the units digit of l?
9
Suppose -47*j + 10*j = 16*j - 780637. What is the units digit of j?
9
Suppose -5*n + 15 = 0, 132*j - 2*n + 5125 = 133*j. What is the units digit of j?
9
What is the hundreds digit of ((-76)/(-300) + (-82)/(-1025))*4662?
5
Suppose 0 = 1731*d - 1661*d - 1793190. What is the tens digit of d?
1
Let r = -12172 + 17664. What is the units digit of r?
2
Let n(x) = x**3 + 26*x**2 - 27*x - 16. Let p be n(-27). Let f = 266 + p. What is the hundreds digit of f?
2
Let t(m) be the first derivative of -m**2/2 + 14*m - 11. Let a be t(11). Suppose a*y - 159 - 48 = 0. What is the tens digit of y?
6
Let i = 59 - 61. Let l be (-4)/i + (-36)/(-1). Suppose z = 3*y + 2*y + l, 3*z - 2*y - 101 = 0. What is the tens digit of z?
3
Let s = -1313 - -1339. Let i be 2/(-4)*(0 - 0). Suppose i = 4*d + 6 - s. What is the units digit of d?
5
Let l = 5948 - -5325. What is the tens digit of l?
7
Let y = -3360 - -8015. What is the units digit of y?
5
Let w(a) = 32 + 4 - 113*a + 3 + 79 + 33. What is the units digit of w(-7)?
2
What is the ten thousands digit of (-22 + 24)*7091 - 17?
1
Let i = 4429 + -2179. What is the tens digit of i?
5
Suppose 0 = -a + 3*f, 3*a - 6*f + 9*f = 24. Suppose a*b - 503 = 61. What is the tens digit of b?
9
Let o = 21836 - 2803. What is the thousands digit of o?
9
Suppose 61*t + 224*t = 665065 + 1311695. What is the units digit of t?
6
Suppose 546275 = 28*v + 178103. What is the thousands digit of v?
3
Let h(b) be the second derivative of 136*b**3/3 + 148*b**2 - 7*b - 4. What is the thousands digit of h(4)?
1
Let u = 744 - -914. Suppose 4*g - 2220 = -b, 0*b - b = -3*g + u. Suppose g = 5*o + 5*x - 4*x, 12 = 3*x. What is the units digit of o?
0
Suppose 4*q + 4*x = 320, 8*q + 4*x - 395 = 3*q. Suppose q + 18609 = 18*v. What is the hundreds digit of v?
0
Let g be (-6 - 993) + ((-1)/(-2))/((-2)/(-12)). Let w(u) = -9*u + 1. Let p be w(-1). What is the hundreds digit of (g/(-30))/(2/p)?
1
Let k = -1020 + 1509. Let d be (12/(-6))/(-1 + 483/k). Let r = 93 + d. What is the units digit of r?
6
Let d(f) = f**2 - 9*f + 2. Let c be d(9). Let g be (-9 - -6) + (-1 - c). Let z(v) = -16*v - 10. What is the units digit of z(g)?
6
Let p(o) = o**3 - 2*o**2 - 4*o - 1. Let d be p(3). Let a(w) = -2*w + 70. Let l(v) = -3*v - 298. Let y(t) = 4*a(t) + l(t). What is the tens digit of y(d)?
2
Suppose 867599 = 70*x + 211699. What is the thousands digit of x?
9
Suppose -3*s + t + 120 = -t, 4*s = 3*t + 159. Let y be 1/(-3) + 266/s. Suppose l - 1 = -y, -4*j + l = -141. What is the units digit of j?
4
Suppose 5*t = 2*h - 27, 0*h - 9 = -h + t. What is the tens digit of h/((-6)/1233*(-7 - -4))?
1
Let j(r) = 2*r**3 - 2*r**2 + 3*r. Let v be j(3). Let h = v + -59. What is the units digit of (-1 - h) + (4 - 7)?
0
Let u(f) = 18*f + 27. Let d(x) = -4*x + 2. Let v(j) = -2*d(j) - u(j). Let y(q) = 11*q**3 + q**2 + 2*q + 1. Let h be y(-1). What is the tens digit of v(h)?
7
Let h be 780/12*3/5. Let i = -34 + h. Suppose 2*k - i*c = -2*c + 73, -109 = -3*k + 4*c. What is the units digit of k?
5
Suppose 47*v - 17*v - 60 = 0. Suppose -3*w = 3*s - 948, -v*w + 5*s - 2*s + 627 = 0. What is the tens digit of w?
1
Let a(u) = 6*u**2 + 5*u + 4. Let t be a(-2). Suppose -t*m + 22*m = -12. What is the tens digit of -78*m/(12/8)?
5
Let m(f) = -5*f**3 - 13*f**2 + 5*f - 9. What is the hundreds digit of m(-8)?
6
Suppose 5*m + 0*m = -3*d - 1, 5*d = 4*m + 23. Let i(x) = 11 + 10*x + 9*x + 1 - x**2 - d*x. What is the units digit of i(8)?
6
Let z(s) be the second derivative of s**5/20 - 3*s**4 + 13*s**3/2 + 31*s**2 - 28*s. What is the units digit of z(35)?
2
Suppose 142 = -7*k - 215. Let w = 54 + k. Suppose p = -f - 3*p + 41, 87 = 3*f + w*p. What is the units digit of f?
5
Let w(h) = 1635*h + 161. What is the hundreds digit of w(1)?
7
Let v = 61 + -110. Let i = v - -116. Let d = -60 + i. What is the units digit of d?
7
Let j(l) = 1430*l**2 - 7*l + 43. What is the ten thousands digit of j(-5)?
3
Let g = -17 + 23. Suppose -g*u + 203 = u. Suppose -5*l = -u - 126. What is the units digit of l?
1
Let b = 2109 - -19034. What is the thousands digit of b?
1
Let j(b) be the third derivative of -b**6/120 - b**5/20 + 5*b**4/12 + 2*b**3 + 148*b**2. What is the hundreds digit of j(-10)?
6
Let n = -23 - -28. Suppose 0*l + n = l. What is the tens digit of (-3 + l)/((-2)/(-91))?
9
Suppose -23*o - 1237 + 1513 = 0. Let b = 140 + -63. Suppose 75*g = b*g - o. What is the units digit of g?
6
Let q be 7 - (-6)/(-3 + 0). Suppose x - 3*o = 2*x - 3, q*x - 15 = 4*o. Let f = x + 5. What is the units digit of f?
8
Let m = 33805 - 18591. What is the hundreds digit of m?
2
Suppose 5*p + 3*b + 411 = 2*b, 5*p - b + 409 = 0. Let y = 229 + p. What is the units digit of y?
7
Let g(f) = f**3 - 15*f**2 + 2*f + 50. Let o be g(15). Suppose -i = 2*r - 185 - o, -3*r = 2*i - 397. What is the units digit of r?
3
Let y(u) = 6971*u**2 - 31*u - 4. What is the thousands digit of y(-1)?
6
Suppose 174*v - 985520 = -95*v + 75*v. What is the units digit of v?
0
Let t = 3774 - 1541. What is the hundreds digit of t?
2
Let s = -11 - -11. Suppose b - 1 = -2*n - 3, s = -3*b - 3*n. Suppose -b*g = -2*l - l + 351, -3 = g. What is the units digit of l?
5
Let o = 1 + -1. Let t(x) = 47 + 68 + 117197*x - 117195*x. What is the hundreds digit of t(o)?
1
Let u(l) = 1845*l**2 - 10*l - 3. What is the tens digit of u(2)?
5
Suppose -5*u + p = -77 - 339, 424 = 5*u + p. Let o be 8/(-10) + u/30 + -2. Suppose -2*t - 4 = o, -2*q + 3*t + 12 + 24 = 0. What is the units digit of q?
5
Suppose -6803 = 12*u - 222455. What is the ten thousands digit of u?
1
Let w = 1681 - -5294. What is the tens digit of w?
7
Let m(a) = -7600*a**3 + 3*a**2 + 19*a + 18. Let z be m(-1). Suppose 1390*p = 1383*p + z. What i